{"id":1324,"date":"2022-02-24T05:03:32","date_gmt":"2022-02-24T05:03:32","guid":{"rendered":"https:\/\/raikastavuori-ilmaajaekoelamaa.com\/index.php\/about\/"},"modified":"2023-11-26T19:44:52","modified_gmt":"2023-11-26T17:44:52","slug":"about","status":"publish","type":"page","link":"https:\/\/raikastavuori-ilmaajaekoelamaa.com\/index.php\/about\/","title":{"rendered":"Taustaa"},"content":{"rendered":"\n<div class=\"wp-block-uagb-container uagb-block-3c76e57d alignfull uagb-is-root-container\"><div class=\"uagb-container-inner-blocks-wrap\">\n<div class=\"wp-block-uagb-advanced-heading uagb-block-8a1eebc0\"><h1 class=\"uagb-heading-text\">Blogin taustoista<\/h1><\/div>\n<\/div><\/div>\n\n\n\n<div class=\"wp-block-uagb-container uagb-block-53192e21 alignfull uagb-is-root-container\"><div class=\"uagb-container-inner-blocks-wrap\">\n<div class=\"wp-block-uagb-advanced-heading uagb-block-e874992d\"><h2 class=\"uagb-heading-text\">T\u00e4ss\u00e4 blogissa kerron kuulumisiani vapaaehtoisty\u00f6jaksoltani (EVS) sveitsil\u00e4isess\u00e4 ekokyl\u00e4ss\u00e4. Projekti starttaa syyskuussa 2023 ja kest\u00e4\u00e4 kokonaisen vuoden eli elokuun 2024 loppuun saakka.<\/h2><\/div>\n\n\n\n<div class=\"wp-block-uagb-image aligncenter uagb-block-2d710799 wp-block-uagb-image--layout-default wp-block-uagb-image--effect-static wp-block-uagb-image--align-center\"><figure class=\"wp-block-uagb-image__figure\"><img decoding=\"async\" srcset=\"http:\/\/raikastavuori-ilmaajaekoelamaa.com\/wp-content\/uploads\/2021\/11\/contact-hero.jpg , http:\/\/raikastavuori-ilmaajaekoelamaa.com\/wp-content\/uploads\/2021\/11\/contact-hero.jpg 360w\" sizes=\"auto, (max-width: 480px) 150px\" src=\"http:\/\/raikastavuori-ilmaajaekoelamaa.com\/wp-content\/uploads\/2021\/11\/contact-hero.jpg\" alt=\"\" class=\"uag-image-432\" width=\"1170\" height=\"600\" title=\"\" loading=\"lazy\"\/><\/figure><\/div>\n\n\n\n<div class=\"wp-block-uagb-container uagb-block-c64c9b97\">\n<div class=\"wp-block-uagb-container uagb-block-d25fcb8d\">\n<div class=\"wp-block-uagb-info-box uagb-block-43b20c20 uagb-infobox__content-wrap  uagb-infobox-icon-above-title uagb-infobox-image-valign-top\"><div class=\"uagb-ifb-content\"><div class=\"uagb-ifb-title-wrap\"><h3 class=\"uagb-ifb-title\">Blogin tavoitteet<\/h3><\/div><p class=\"uagb-ifb-desc\">Haluan kertoa lukijoille millaista arkea sveitsil\u00e4isess\u00e4 ekokyl\u00e4ss\u00e4 elet\u00e4\u00e4n. Tahdon tuoda blogissani esille ekologisempaa ja kest\u00e4v\u00e4mp\u00e4\u00e4 el\u00e4m\u00e4ntapaa sek\u00e4 erilaisia keinoja sen toteuttamiseen jokap\u00e4iv\u00e4isess\u00e4 el\u00e4m\u00e4ss\u00e4. <br><br>Pyrin kirjoittamaan jokaisen julkaisun per\u00e4\u00e4n englanninkielisen tiivistelm\u00e4n, jotta my\u00f6s muut ihmiset p\u00e4\u00e4sev\u00e4t tutustumaan siihen, millaista on toimia vapaaehtoisty\u00f6ss\u00e4.<br><br>Lis\u00e4ksi kerron viel\u00e4 erillisess\u00e4 julkaisussa miksi p\u00e4\u00e4tin hakea juuri t\u00e4h\u00e4n vapaaehtoisty\u00f6projektiin ja motiiveistani sen taustalla.<\/p><\/div><\/div>\n<\/div>\n<\/div>\n<\/div><\/div>\n","protected":false},"excerpt":{"rendered":"<p>Blogin taustoista T\u00e4ss\u00e4 blogissa kerron kuulumisiani vapaaehtoisty\u00f6jaksoltani (EVS) sveitsil\u00e4isess\u00e4 ekokyl\u00e4ss\u00e4. Projekti starttaa syyskuussa 2023 ja kest\u00e4\u00e4 kokonaisen vuoden eli elokuun 2024 loppuun saakka.<\/p>\n","protected":false},"author":1,"featured_media":0,"parent":0,"menu_order":0,"comment_status":"closed","ping_status":"closed","template":"","meta":{"_uag_custom_page_level_css":"","_monsterinsights_skip_tracking":false,"_monsterinsights_sitenote_active":false,"_monsterinsights_sitenote_note":"","_monsterinsights_sitenote_category":0,"site-sidebar-layout":"no-sidebar","site-content-layout":"page-builder","ast-global-header-display":"","ast-banner-title-visibility":"","ast-main-header-display":"","ast-hfb-above-header-display":"","ast-hfb-below-header-display":"","ast-hfb-mobile-header-display":"","site-post-title":"disabled","ast-breadcrumbs-content":"","ast-featured-img":"disabled","footer-sml-layout":"","theme-transparent-header-meta":"enabled","adv-header-id-meta":"","stick-header-meta":"","header-above-stick-meta":"","header-main-stick-meta":"","header-below-stick-meta":"","footnotes":""},"class_list":["post-1324","page","type-page","status-publish","hentry"],"aioseo_notices":[],"uagb_featured_image_src":{"full":false,"thumbnail":false,"medium":false,"medium_large":false,"large":false,"1536x1536":false,"2048x2048":false},"uagb_author_info":{"display_name":"Vilma","author_link":"https:\/\/raikastavuori-ilmaajaekoelamaa.com\/index.php\/author\/raikastavuori-ilmaajaekoelamaa-com\/"},"uagb_comment_info":0,"uagb_excerpt":"Blogin taustoista T\u00e4ss\u00e4 blogissa kerron kuulumisiani vapaaehtoisty\u00f6jaksoltani (EVS) sveitsil\u00e4isess\u00e4 ekokyl\u00e4ss\u00e4. Projekti starttaa syyskuussa 2023 ja kest\u00e4\u00e4 kokonaisen vuoden eli elokuun 2024 loppuun saakka.","_links":{"self":[{"href":"https:\/\/raikastavuori-ilmaajaekoelamaa.com\/index.php\/wp-json\/wp\/v2\/pages\/1324","targetHints":{"allow":["GET"]}}],"collection":[{"href":"https:\/\/raikastavuori-ilmaajaekoelamaa.com\/index.php\/wp-json\/wp\/v2\/pages"}],"about":[{"href":"https:\/\/raikastavuori-ilmaajaekoelamaa.com\/index.php\/wp-json\/wp\/v2\/types\/page"}],"author":[{"embeddable":true,"href":"https:\/\/raikastavuori-ilmaajaekoelamaa.com\/index.php\/wp-json\/wp\/v2\/users\/1"}],"replies":[{"embeddable":true,"href":"https:\/\/raikastavuori-ilmaajaekoelamaa.com\/index.php\/wp-json\/wp\/v2\/comments?post=1324"}],"version-history":[{"count":4,"href":"https:\/\/raikastavuori-ilmaajaekoelamaa.com\/index.php\/wp-json\/wp\/v2\/pages\/1324\/revisions"}],"predecessor-version":[{"id":2356,"href":"https:\/\/raikastavuori-ilmaajaekoelamaa.com\/index.php\/wp-json\/wp\/v2\/pages\/1324\/revisions\/2356"}],"wp:attachment":[{"href":"https:\/\/raikastavuori-ilmaajaekoelamaa.com\/index.php\/wp-json\/wp\/v2\/media?parent=1324"}],"curies":[{"name":"wp","href":"https:\/\/api.w.org\/{rel}","templated":true}]}}